{"id":804,"date":"2014-08-09T01:17:55","date_gmt":"2014-08-08T23:17:55","guid":{"rendered":"http:\/\/www.stadtfuehrerbasel.ch\/?page_id=8"},"modified":"2024-03-19T16:56:31","modified_gmt":"2024-03-19T15:56:31","slug":"impressum","status":"publish","type":"page","link":"https:\/\/www.stadtfuehrerbasel.ch\/?page_id=804","title":{"rendered":"Impressum &amp; AGB"},"content":{"rendered":"<p><strong>Allgemeine Gesch\u00e4ftsbestimmungen<\/strong><br \/>\n<em>Versicherungsfragen<\/em><br \/>\nRundg\u00e4nge und Vortr\u00e4ge vom Verein Stadtf\u00fchrer Basel finden bis auf wenige Ausnahmen auf \u00f6ffentlich zug\u00e4nglichen Wegen und Pl\u00e4tzen statt. Die Versicherung auf einem Rundgang ist Sache der einzelnen teilnehmenden Personen. Der Verein Stadtf\u00fchrer Basel kann keinerlei Haftung bez\u00fcglich Unf\u00e4lle \u00fcbernehmen. Gerichtsstand ist Basel.<br \/>\n<em>Hinweise zur Stornierung eines Rundgangs oder Vortrags<\/em><br \/>\nBis 7 Tage vor Durchf\u00fchrung ist die Stornierung einer gebuchten Veranstaltung kostenlos. Wird eine gebuchte Veranstaltung bis 24 Stunden vor dem eigentlichen Durchf\u00fchrungstermin abgesagt, erheben wir eine Bearbeitungsgeb\u00fchr von 20% des Gesamtbetrags. Bei Stornierungen, die nach dieser Frist eingehen, wird generell der volle Betrag verrechnet. Ein Nichterscheinen am Durchf\u00fchrungstag gilt nicht als Stornierung, und es wird automatisch der volle Betrag in Rechnung gestellt.<\/p>\n<hr \/>\n<p><strong>Impressum<\/strong><br \/>\nVerein Stadtf\u00fchrer Basel<br \/>\nK\u00e4ferholzstrasse 116<br \/>\n4058 Basel<\/p>\n<p>sali@stadtfuehrerbasel.ch<\/p>\n","protected":false},"excerpt":{"rendered":"<p>Allgemeine Gesch\u00e4ftsbestimmungen Versicherungsfragen Rundg\u00e4nge und Vortr\u00e4ge vom Verein Stadtf\u00fchrer Basel finden bis auf wenige Ausnahmen auf \u00f6ffentlich zug\u00e4nglichen Wegen und Pl\u00e4tzen statt. Die Versicherung auf einem Rundgang ist Sache der einzelnen teilnehmenden Personen. Der Verein Stadtf\u00fchrer Basel kann keinerlei Haftung bez\u00fcglich Unf\u00e4lle \u00fcbernehmen. Gerichtsstand ist Basel. Hinweise zur Stornierung eines Rundgangs oder Vortrags Bis 7 &hellip; <a href=\"https:\/\/www.stadtfuehrerbasel.ch\/?page_id=804\" class=\"more-link\"><span class=\"screen-reader-text\">Impressum &amp; AGB<\/span> weiterlesen <span class=\"meta-nav\">&rarr;<\/span><\/a><\/p>\n","protected":false},"author":2,"featured_media":0,"parent":0,"menu_order":90,"comment_status":"closed","ping_status":"closed","template":"","meta":{"footnotes":""},"class_list":["post-804","page","type-page","status-publish","hentry"],"_links":{"self":[{"href":"https:\/\/www.stadtfuehrerbasel.ch\/index.php?rest_route=\/wp\/v2\/pages\/804","targetHints":{"allow":["GET"]}}],"collection":[{"href":"https:\/\/www.stadtfuehrerbasel.ch\/index.php?rest_route=\/wp\/v2\/pages"}],"about":[{"href":"https:\/\/www.stadtfuehrerbasel.ch\/index.php?rest_route=\/wp\/v2\/types\/page"}],"author":[{"embeddable":true,"href":"https:\/\/www.stadtfuehrerbasel.ch\/index.php?rest_route=\/wp\/v2\/users\/2"}],"replies":[{"embeddable":true,"href":"https:\/\/www.stadtfuehrerbasel.ch\/index.php?rest_route=%2Fwp%2Fv2%2Fcomments&post=804"}],"version-history":[{"count":5,"href":"https:\/\/www.stadtfuehrerbasel.ch\/index.php?rest_route=\/wp\/v2\/pages\/804\/revisions"}],"predecessor-version":[{"id":1681,"href":"https:\/\/www.stadtfuehrerbasel.ch\/index.php?rest_route=\/wp\/v2\/pages\/804\/revisions\/1681"}],"wp:attachment":[{"href":"https:\/\/www.stadtfuehrerbasel.ch\/index.php?rest_route=%2Fwp%2Fv2%2Fmedia&parent=804"}],"curies":[{"name":"wp","href":"https:\/\/api.w.org\/{rel}","templated":true}]}}